{"id":5009,"date":"2026-04-25T08:32:12","date_gmt":"2026-04-25T08:32:12","guid":{"rendered":""},"modified":"2026-04-25T08:32:12","modified_gmt":"2026-04-25T08:32:12","slug":"pourquoi-emcc-org","status":"publish","type":"page","link":"https:\/\/wp2026.emccbelgium.org\/index.php\/pourquoi-emcc-org\/","title":{"rendered":"Pourquoi en tant qu&#8217;organisation choisir l&#8217;EMCC ?"},"content":{"rendered":"\t\t<div data-elementor-type=\"wp-page\" data-elementor-id=\"5009\" class=\"elementor elementor-5009\">\n\t\t\t\t\t\t<section class=\"elementor-section elementor-top-section elementor-element elementor-element-f9074d82 elementor-section-boxed elementor-section-height-default elementor-section-height-default\" data-id=\"f9074d82\" data-element_type=\"section\" data-e-type=\"section\">\n\t\t\t\t\t\t<div class=\"elementor-container elementor-column-gap-default\">\n\t\t\t\t\t<div class=\"elementor-column elementor-col-100 elementor-top-column elementor-element elementor-element-f0a2481b\" data-id=\"f0a2481b\" data-element_type=\"column\" data-e-type=\"column\">\n\t\t\t<div class=\"elementor-widget-wrap elementor-element-populated\">\n\t\t\t\t\t\t<div class=\"elementor-element elementor-element-7faae70f elementor-widget elementor-widget-heading\" data-id=\"7faae70f\" data-element_type=\"widget\" data-e-type=\"widget\" data-widget_type=\"heading.default\">\n\t\t\t\t\t<h1 class=\"elementor-heading-title elementor-size-default\">Pourquoi en tant qu'organisation choisir l'EMCC ?<\/h1>\t\t\t\t<\/div>\n\t\t\t\t\t<\/div>\n\t\t<\/div>\n\t\t\t\t\t<\/div>\n\t\t<\/section>\n\t\t\t\t<section class=\"elementor-section elementor-top-section elementor-element elementor-element-f2628292 elementor-section-boxed elementor-section-height-default elementor-section-height-default\" data-id=\"f2628292\" data-element_type=\"section\" data-e-type=\"section\">\n\t\t\t\t\t\t<div class=\"elementor-container elementor-column-gap-default\">\n\t\t\t\t\t<div class=\"elementor-column elementor-col-100 elementor-top-column elementor-element elementor-element-76c98d5c\" data-id=\"76c98d5c\" data-element_type=\"column\" data-e-type=\"column\">\n\t\t\t<div class=\"elementor-widget-wrap elementor-element-populated\">\n\t\t\t\t\t\t<div class=\"elementor-element elementor-element-41265ec8 elementor-widget elementor-widget-text-editor\" data-id=\"41265ec8\" data-element_type=\"widget\" data-e-type=\"widget\" data-widget_type=\"text-editor.default\">\n\t\t\t\t\t\t\t\t\t<p>En faisant le choix de l&#8217;EMCC Belgium, vous rejoignez une<strong> association \u00e0 envergure mondiale,<\/strong> au label professionnel reconnu, activement investie dans le domaine de la promotion de la profession de <strong>mentoring, coaching et supervision<\/strong>.<\/p>\n<p>Vous contribuez \u00e0 l&#8217;<strong>\u00e9volution du m\u00e9tier et au d\u00e9veloppement durable et humaniste de notre soci\u00e9t\u00e9<\/strong>. Votre partenariat et l&#8217;engagement personnel de vos mentors et de vos coachs internes sont les clefs du succ\u00e8s de notre association.<\/p>\t\t\t\t\t\t\t\t<\/div>\n\t\t\t\t\t<\/div>\n\t\t<\/div>\n\t\t\t\t\t<\/div>\n\t\t<\/section>\n\t\t\t\t<section class=\"elementor-section elementor-top-section elementor-element elementor-element-80755e13 elementor-section-boxed elementor-section-height-default elementor-section-height-default\" data-id=\"80755e13\" data-element_type=\"section\" data-e-type=\"section\">\n\t\t\t\t\t\t<div class=\"elementor-container elementor-column-gap-default\">\n\t\t\t\t\t<div class=\"elementor-column elementor-col-100 elementor-top-column elementor-element elementor-element-fa335802\" data-id=\"fa335802\" data-element_type=\"column\" data-e-type=\"column\">\n\t\t\t<div class=\"elementor-widget-wrap elementor-element-populated\">\n\t\t\t\t\t\t<div class=\"elementor-element elementor-element-7da6d1c9 elementor-widget elementor-widget-heading\" data-id=\"7da6d1c9\" data-element_type=\"widget\" data-e-type=\"widget\" data-widget_type=\"heading.default\">\n\t\t\t\t\t<h2 class=\"elementor-heading-title elementor-size-default\">Vos avantages :<\/h2>\t\t\t\t<\/div>\n\t\t\t\t<div class=\"elementor-element elementor-element-191365a9 elementor-widget elementor-widget-text-editor\" data-id=\"191365a9\" data-element_type=\"widget\" data-e-type=\"widget\" data-widget_type=\"text-editor.default\">\n\t\t\t\t\t\t\t\t\t<p>En devenant membre organisationnel, votre entreprise ou association b\u00e9n\u00e9ficiera de nombreux avantages :<\/p>\n<ul><li>Vous avez la possibilit\u00e9 de faire <strong>auditer<\/strong> et d&#8217;<strong>am\u00e9liorer<\/strong> vos propres <strong>programmes de coaching et de mentoring<\/strong>, via l&#8217;<a href=\"https:\/\/www.emccglobal.org\/accreditation\/ismcp\/\" rel=\"noopener\" target=\"_blank\">ISMCP (International Standard for Mentoring &amp; Coaching Programmes).<br\/><br\/><\/a><\/li><li>Vos coachs internes ont la possibilit\u00e9 de <strong>se faire accr\u00e9diter<\/strong> \u00e0 un niveau international.<br\/><br\/><\/li><li>Vous et vos coachs\/mentors\/superviseurs avez acc\u00e8s \u00e0 des <strong>\u00e9changes d\u2019exp\u00e9rience entre pairs<\/strong>, notamment au travers de la<strong> conf\u00e9rence internationale de coaching interne<\/strong> organis\u00e9e tous les deux ans.<br\/><br\/><\/li><li>Acc\u00e8s \u00e0 des <strong>ateliers<\/strong> et des <strong>conf\u00e9rences<\/strong> sur les derni\u00e8res <strong>tendances<\/strong> et <strong>pratiques<\/strong> du mentoring, du coaching et de la supervision.<br\/><br\/><\/li><li>Acc\u00e8s \u00e0 un r\u00e9seau de coachs reconnus pour leur <strong>professionnalisme<\/strong>, leur <strong>\u00e9thique<\/strong> et leur <strong>dynamisme<\/strong>, tous li\u00e9s par le &#8220;<a href=\"..\/..\/..\/images\/doc\/Global_Code_of_Ethics_v2_3_FR.pdf\" target=\"_blank\">Global Code of Ethics<\/a>&#8221; et la d\u00e9claration &#8220;<a href=\"..\/..\/..\/images\/doc\/Diversity_and_Inclusion_Declaration_201805_FR.pdf\" target=\"_blank\">Diversit\u00e9 et Inclusion<\/a>&#8220;..<br\/><br\/><\/li><li>EMCC Belgium peut vous <strong>accompagner dans le processus de s\u00e9lection<\/strong> de vos coachs externes.<br\/><br\/><\/li><li>Vous avez la possibilit\u00e9 de <strong>contribuer<\/strong> au d\u00e9veloppement de la profession de coach\u00a0 et de mentor et de <strong>vous faire conna\u00eetre<\/strong> au travers d\u2019interventions <strong>sur le sujet\u00a0<\/strong><\/li><\/ul>\t\t\t\t\t\t\t\t<\/div>\n\t\t\t\t\t<\/div>\n\t\t<\/div>\n\t\t\t\t\t<\/div>\n\t\t<\/section>\n\t\t\t\t<section class=\"elementor-section elementor-top-section elementor-element elementor-element-b7eb04aa elementor-section-boxed elementor-section-height-default elementor-section-height-default\" data-id=\"b7eb04aa\" data-element_type=\"section\" data-e-type=\"section\">\n\t\t\t\t\t\t<div class=\"elementor-container elementor-column-gap-default\">\n\t\t\t\t\t<div class=\"elementor-column elementor-col-100 elementor-top-column elementor-element elementor-element-b41b240b\" data-id=\"b41b240b\" data-element_type=\"column\" data-e-type=\"column\">\n\t\t\t<div class=\"elementor-widget-wrap elementor-element-populated\">\n\t\t\t\t\t\t<div class=\"elementor-element elementor-element-1f7e5aea elementor-widget elementor-widget-heading\" data-id=\"1f7e5aea\" data-element_type=\"widget\" data-e-type=\"widget\" data-widget_type=\"heading.default\">\n\t\t\t\t\t<h2 class=\"elementor-heading-title elementor-size-default\">Pour votre personnel<\/h2>\t\t\t\t<\/div>\n\t\t\t\t<div class=\"elementor-element elementor-element-1d9e6109 elementor-widget elementor-widget-text-editor\" data-id=\"1d9e6109\" data-element_type=\"widget\" data-e-type=\"widget\" data-widget_type=\"text-editor.default\">\n\t\t\t\t\t\t\t\t\t<p>L&#8217;affiliation &#8220;Organisation&#8221; offre une<strong> r\u00e9duction de cotisation \u00e0 votre personnel<\/strong> professionnel de l&#8217;accompagnement: <strong>coachs<\/strong> internes, <strong>mentors<\/strong>, <strong>superviseurs<\/strong>, mais aussi aux <strong>responsables du personnel<\/strong>, <strong>pilotes de vos programmes de coaching<\/strong> et toute autre personne qui a <strong>int\u00e9r\u00eat<\/strong> \u00e0 ce que le <strong>m\u00e9tier<\/strong> de coach soit exerc\u00e9 de fa\u00e7on <strong>\u00e9thique<\/strong> par des personnes r\u00e9ellement <strong>form\u00e9es<\/strong>, <strong>supervis\u00e9es<\/strong>, engag\u00e9es dans un processus de<strong> d\u00e9veloppement personnel<\/strong> et en <strong>formation continue<\/strong>.<\/p>\n<p>Par votre interm\u00e9diaire, votre personnel peut devenir:<\/p>\n<ul><li><strong>Membre effectif<\/strong>: pleinement membre de la famille EMCC Belgium, le MEMBRE EFFECTIF peut participer aux d\u00e9cisions lors de l\u2019assembl\u00e9e g\u00e9n\u00e9rale; il peut \u00e9galement b\u00e9n\u00e9ficier de la visibilit\u00e9 sur notre site web <a href=\"..\/..\/..\/index.html\" rel=\"noopener\" target=\"_blank\">www.emccbelgium.org<\/a>, en tant que coach, mentor et\/ou superviseur. Non seulement il ou elle peut participer \u00e0 nos activit\u00e9s \u00e0 un prix avantageux (souvent gratuit) mais aussi acc\u00e9der gratuitement aux ateliers &#8220;professionnalisation&#8221; pour les aider dans le processus d&#8217;accr\u00e9ditation aupr\u00e8s de EMCC Global. La cotisation \u00e0 EMCC Belgium inclut automatiquement l&#8217;adh\u00e9sion \u00e0 EMCC Global et la visibilit\u00e9 sur le site web <a href=\"https:\/\/www.emccglobal.org\/\" rel=\"noopener\" target=\"_blank\">www.emccglobal.org<\/a> pour ceux qui le d\u00e9sirent.<\/li><\/ul>\n<p>ou<\/p>\n<ul><li><strong>Membre adh\u00e9rent<\/strong>: la cotisation d\u2019un MEMBRE ADHERENT permet de soutenir l\u2019EMCC en adh\u00e9rant \u00e0 ses valeurs humanistes et de profiter \u2013\u00e0 l\u2019instar des membres effectifs- de fortes r\u00e9duction -voire de la gratuit\u00e9- pour la majorit\u00e9 de nos activit\u00e9s. Typiquement, l&#8217;affiliation comme membre adh\u00e9rent est r\u00e9serv\u00e9e aux responsables des ressources humaines, aux managers, bref: \u00e0 ceux qui ont recours au coaching et au mentoring, sans pour autant avoir suivi une formation de coach ou mentor professionnel. Le Membre Adh\u00e9rent d&#8217;EMCC Belgium est automatiquement membre d&#8217;EMCC Global mais ne b\u00e9n\u00e9ficie pas de la visibilit\u00e9 sur les sites web.<\/li><\/ul>\n<p><a class=\"btn btn-primary\" href=\"..\/..\/..\/images\/doc\/Application_Form_FR.pdf\" rel=\"noreferrer\" target=\"_blank\">Devenir membre individuel<\/a>\u00a0<a class=\"btn btn-primary\" href=\"..\/..\/..\/images\/doc\/Application_Form_Organisation_FR.pdf\" rel=\"noreferrer\" target=\"_blank\">Devenir membre organisationnel<\/a><\/p>\t\t\t\t\t\t\t\t<\/div>\n\t\t\t\t\t<\/div>\n\t\t<\/div>\n\t\t\t\t\t<\/div>\n\t\t<\/section>\n\t\t\t\t<\/div>\n\t\t","protected":false},"excerpt":{"rendered":"","protected":false},"author":1,"featured_media":0,"parent":0,"menu_order":0,"comment_status":"closed","ping_status":"closed","template":"","meta":{"footnotes":""},"class_list":["post-5009","page","type-page","status-publish","hentry"],"_links":{"self":[{"href":"https:\/\/wp2026.emccbelgium.org\/index.php\/wp-json\/wp\/v2\/pages\/5009","targetHints":{"allow":["GET"]}}],"collection":[{"href":"https:\/\/wp2026.emccbelgium.org\/index.php\/wp-json\/wp\/v2\/pages"}],"about":[{"href":"https:\/\/wp2026.emccbelgium.org\/index.php\/wp-json\/wp\/v2\/types\/page"}],"author":[{"embeddable":true,"href":"https:\/\/wp2026.emccbelgium.org\/index.php\/wp-json\/wp\/v2\/users\/1"}],"replies":[{"embeddable":true,"href":"https:\/\/wp2026.emccbelgium.org\/index.php\/wp-json\/wp\/v2\/comments?post=5009"}],"version-history":[{"count":0,"href":"https:\/\/wp2026.emccbelgium.org\/index.php\/wp-json\/wp\/v2\/pages\/5009\/revisions"}],"wp:attachment":[{"href":"https:\/\/wp2026.emccbelgium.org\/index.php\/wp-json\/wp\/v2\/media?parent=5009"}],"curies":[{"name":"wp","href":"https:\/\/api.w.org\/{rel}","templated":true}]}}